 of z(k).
7
Let o(y) = 11*y**2 - 2*y + 1. Let w be o(1). Let n = w + -5. Let r(z) = -z**3 + 4*z**2 + 7*z + 2. What are the prime factors of r(n)?
2, 3
Suppose 0*f = -7*f + 588. List the prime factors of f.
2, 3, 7
Let y = -229 - -463. List the prime factors of y.
2, 3, 13
Suppose -3*d = -3*h + 156, 2*h - h - 4*d - 37 = 0. Let r be (-8)/(-28) + 24/14. Suppose r*n - h = -n. List the prime factors of n.
19
Suppose 2*o + 3 = -o. Suppose 29 = t + 5*q, -t + 2*q - 11 = -q. Let x = o + t. What are the prime factors of x?
3
Let u(t) = 6*t**3 - 2*t**2 + 1. Let s be u(1). Suppose 45 = 4*j + s*p, 4*p - 48 = -4*j - 0*j. What are the prime factors of j?
3, 5
Suppose -3*h = -0*i + i + 12, -5*i + 30 = -3*h. Let t = -17 + 24. Suppose -t*l + i*l = -80. What are the prime factors of l?
2, 5
Let z(d) = -d**3 - 7*d**2 + 2*d + 8. Let x be z(-7). Let q be 10/x + (-6)/(-9). List the prime factors of (q + (-5)/2)*-2.
7
Suppose 4*i + 4 = 3*z - 116, 2*i - 102 = -3*z. What are the prime factors of z?
2, 3
Let m(f) = 3*f + 25*f**2 - 10*f**2 - 2*f. Let b be m(1). Suppose 0*q = -4*q + b. What are the prime factors of q?
2
Let q = -16 + 21. Suppose n - q*a = 35, -4*a = n + n. List the prime factors of n.
2, 5
Suppose -22 = -3*s - 4*b, -s - 5*b + 10 = -3*b. List the prime factors of s.
2
Let r = 18 + -11. Let o = 14 - r. What are the prime factors of o?
7
Let g be 8/4*62/4. Let j be (-2)/(1 + (-19)/17). Let x = g - j. What are the prime factors of x?
2, 7
Suppose -3*l - 11 = -4*l. Let h = l - 0. Suppose -j = -4*d - h, -2*j - 50 = -5*j - 5*d. What are the prime factors of j?
3, 5
Let s be -1 - -2 - (-3)/(-1). Let q = 6 + s. Suppose 0 = q*t - 0*w + 3*w - 14, w + 27 = 5*t. List the prime factors of t.
5
Suppose u - 5*u = -5*k + 140, 4*u - 20 = 0. Suppose k = 5*t - 178. What are the prime factors of t?
2, 3, 7
Let v = -11 - -24. Suppose 2*l + 5*x + v = 56, -3*x = -2*l + 3. List the prime factors of l.
3
Let k = 19 + 6. What are the prime factors of k?
5
Let i(u) = 5*u**2 - 3*u - 6. What are the prime factors of i(7)?
2, 109
Let z be (15/(-4))/((-6)/(-16)). Let t(j) = -2*j. List the prime factors of t(z).
2, 5
Suppose -3*b + 1 + 128 = 0. List the prime factors of b.
43
List the prime factors of -9 + 25 - (1 - -2).
13
Suppose 4*a - 8 = i + 3*a, 5*i + 25 = 2*a. List the prime factors of i + 19 + (0 - 3).
13
Let a(m) = -m**3 + 10*m**2 - 15*m - 5. List the prime factors of a(7).
37
Let n be (-1)/(1/(31 + -1)). Let g = -15 - n. What are the prime factors of g?
3, 5
Let a be (-2180)/(-26) + 24/156. Let w = a + -46. What are the prime factors of w?
2, 19
List the prime factors of (1/(-3))/((-1556)/(-519) + -3).
173
Let v = -227 - -464. What are the prime factors of v?
3, 79
Suppose -2*f = -4*t + 2, f + 0 = 3*t - 4. Suppose 3*m = -2*l + 52, 5*m + 116 = t*l - 0*m. List the prime factors of l.
2
Suppose 4*u = 3*x + 2, x = -0*u + 5*u - 8. Let s be (-4)/((-5 + u)/(-3)). Let b(m) = -2*m - 2. List the prime factors of b(s).
2, 3
Let q(s) = -8*s + 10*s**2 - 2*s**2 + 2*s - 5 - s**3. Let f be q(7). Suppose -5*i - 3*y = -111, 5*i + 4*y - 109 = f*y. List the prime factors of i.
3, 7
Let r be (-24)/20*15/(-2). Suppose -g + r = 2*g. List the prime factors of 1 + (g + -11)/(-1).
3
Let g = -15 - -51. What are the prime factors of g?
2, 3
Suppose 0 = 2*b - o + 41, -2*b - 4*o + o = 29. Let y = b - -37. What are the prime factors of 6 + (y/3 - 3)?
3
Suppose 4*c + 289 = 4*g + 109, -153 = 3*c + 3*g. Let v = -25 - c. List the prime factors of v.
23
Suppose 0 = -2*s - 5*o + 106, -136 = -3*s + 4*o - 0*o. List the prime factors of s.
2, 3
Let c(y) be the third derivative of y**6/120 - y**5/15 + y**4/12 - y**3 + 2*y**2. List the prime factors of c(4).
2
Suppose -k - 252 = -5*l, 4*l + k = 5*k + 208. List the prime factors of l.
2, 5
Let z = 819 + -575. What are the prime factors of z?
2, 61
What are the prime factors of 0 + (19 - (-3 - -2))?
2, 5
Suppose 0 = 4*n - 3*g, -n - 5*g = -4*n. Suppose n = -2*q + 8. What are the prime factors of q?
2
Let u(t) be the first derivative of -1/2*t**2 + 1/4*t**4 - 1 + 0*t + 4/3*t**3. What are the prime factors of u(-4)?
2
List the prime factors of (9/(-9))/(2/(-116)).
2, 29
List the prime factors of 16/(-24) - 1564/(-6).
2, 5, 13
List the prime factors of (-3)/(-4) + (-132)/(-16).
3
Suppose -2*d - 2*d + 4 = 0, -4*f + 701 = 5*d. What are the prime factors of f?
2, 3, 29
Suppose 0 = -3*p + p + 2. Suppose -26 = -5*x - p. Suppose 20 = x*o - 10. List the prime factors of o.
2, 3
Let r(w) = w - 5. List the prime factors of r(8).
3
Let h(o) = o**2 - 3*o + 7. What are the prime factors of h(-5)?
47
Let k = -1 + 1. Suppose -f - 7 = -k*f. What are the prime factors of (-61)/f - 4/(-14)?
3
Suppose -3*i - 260 = -5*i. Suppose 0 = 5*l - 5*w - i, 5*l - 39 = 4*w + 86. Suppose 9 - l = -4*z. What are the prime factors of z?
3
Suppose 2*a + 100 = 3*u, 2*a - a = 4*u - 135. What are the prime factors of u?
2, 17
Let d(r) be the third derivative of r**4/24 - 5*r**3 + r**2. Let k(a) = a - 20. Let w(m) = -5*d(m) + 8*k(m). What are the prime factors of w(7)?
11
Suppose 5*s + p - 363 - 13 = 0, p - 72 = -s. List the prime factors of s.
2, 19
Let u be (-19)/(-5) - (-3)/15. Suppose w = -5*j + 14, j - u*j - 6 = 0. List the prime factors of w.
2, 3
Let z = 57 - 92. Let i = 5 + -59. List the prime factors of (-10)/z - i/7.
2
Suppose 0 = -2*z - z. Suppose -12 = -4*b, z = -2*j + 3*b - 2*b + 27. What are the prime factors of j?
3, 5
Suppose -x = 5*c - 5, 0*x - 2*c = -x + 5. Suppose 4*u - 3*u = x. Suppose -5 + 25 = u*d. What are the prime factors of d?
2
Let x(p) = 3*p - 10. Let j be 0 + 8 - 4/(-2). List the prime factors of x(j).
2, 5
What are the prime factors of 0 + -3 - 1554/(-14)?
2, 3
Let w = 5 - 4. What are the prime factors of (-1 - w) + 3 - -12?
13
Let v be (-12)/4 + -10 - 1. Suppose -3*p + 4*j + 26 = 0, 5*p + 4*j - 21 - 1 = 0. What are the prime factors of p/(-3) - 0 - v?
2, 3
Suppose 5*i = 691 - 81. List the prime factors of i.
2, 61
Let c = 7 + -3. Suppose 2*l = c*l - 32. What are the prime factors of l?
2
Let t = -2 + 4. List the prime factors of (133 - 9)*t/8.
31
Let n be (-258)/(-1) - (5 + -3). Suppose -3*d + n = d. Suppose 5*x = -20, o + 2*o - x = d. What are the prime factors of o?
2, 5
Suppose 2*j - 36 = -2*v, 2*v + 2 = 6. What are the prime factors of j?
2
Let l = -16 - -17. What are the prime factors of (l - 6)/(1/(-6))?
2, 3, 5
Let g(a) = a**2 + 7*a - 4. Suppose 4*r + 6 = -26. What are the prime factors of g(r)?
2
Suppose 2*o = o + 2*z + 8, -3*z = o - 8. What are the prime factors of o?
2
What are the prime factors of -1*2 + (-126)/(-2)?
61
What are the prime factors of (-144)/72*(59/(-2) - 1)?
61
Let n be (-2)/(2/2 + 1). Let s(c) = -c + 5. Let r be s(6). List the prime factors of (1 - (2 - n))*r.
2
Suppose 3*o + 2*o = 20. Suppose 13 = t + o*k - 2, -9 = -t - 2*k. List the prime factors of t.
3
Let o be 1/4 - (-1)/(-4). Let c(p) = 0*p**2 - p**2 - 1 + 3*p + 4*p + o*p. What are the prime factors of c(5)?
3
Suppose 0 = 7*u - 10*u + 45. Suppose -3*a = -u, 5*t + 4*a + a = 250. What are the prime factors of t?
3, 5
Let u(s) = -s - 15. List the prime factors of u(-20).
5
Let w(b) = b**2 + 6*b + 7. List the prime factors of w(-11).
2, 31
Suppose -1 = -2*y - 5. Let v(z) = -z**3 + 2*z**2 + 4*z + 3. What are the prime factors of v(y)?
11
Let o be (2*-3)/3 + 24. Let w = 11 + o. What are the prime factors of w?
3, 11
Let b(t) = t**2 + 1. Let s be (-2)/9 - 152/(-36). Let d = -6 + s. List the prime factors of b(d).
5
What are the prime factors of (9 - 7) + (2 - -158)?
2, 3
Let t(d) = -14*d - 23. What are the prime factors of t(-10)?
3, 13
Let h(k) = -k - 2. Let j be h(0). Let t be (2/2 - j) + -1. Suppose -t - 2 = -2*c. What are the prime factors of c?
2
Let b = -5 + 3. List the prime factors of (2 - (-1 + b)) + -1.
2
Let y be (8/6)/(-4)*-21. Let k(d) = d**3 - 6*d**2 - 3*d - 2. List the prime factors of k(y).
2, 13
Let b = 2 - -17. What are the prime factors of b?
19
Let z(g) be the second derivative of 1/2*g**3 + 2*g + 0 + 1/6*g**4 - g**2. What are the prime factors of z(-3)?
7
Suppose -q - 181 = -4*m + 4*q, -110 = -2*m - 4*q. What are the prime factors of m?
7
Suppose c - 5 = -2. Suppose 3*k + 4*l = 2*k - 1, 3*l = -c. What are the prime factors of k?
3
Let b = 41 + -1. What are the prime factors of b?
2